 g(w) = -2*w**3 + 19*w**2 + 15*w + 13. Let o(v) = v**3 - 9*v**2 - 7*v - 7. Let u(l) = 3*g(l) + 7*o(l). What is the units digit of u(7)?
1
Suppose -4*i = -i + 9, 0 = 3*y - 3*i - 45. Suppose 5*s = y + 143. What is the tens digit of s?
3
Suppose -u = -k + 10, -64 + 22 = 5*u - 3*k. Suppose 4*r - 6*r = 8. Let n = r - u. What is the units digit of n?
2
Let o be (2/4)/(1/38). Let s = -3 + -8. Let b = s + o. What is the units digit of b?
8
Let m = 0 + -2. Let g be (m/(-2))/(3/9). Suppose 0 = g*p + 7 - 40. What is the tens digit of p?
1
Let y(c) = -38*c - 4. What is the tens digit of y(-2)?
7
Let l be 0 + 2*-3*3. Let u be (-12)/l*(11 - -1). Suppose u*p = 3*p + 20. What is the units digit of p?
4
Suppose -2*a + 18 = -5*l, 4*l - 2*a - a + 13 = 0. What is the units digit of -1 + 4 - (2 + l)?
5
Let g(s) = -s**3 + 11*s**2 + 4*s - 7. What is the units digit of g(6)?
7
Let q(u) = u**3 - 9*u**2 + 7*u + 9. Suppose -768 = 3*v - 84. Let z be v/(-30) + 4/10. What is the units digit of q(z)?
1
Suppose -3*r + r + 6 = 0. What is the units digit of (r/9 + -1)*-3?
2
Let u be (0 + -3)/(6/(-4)). Let d(p) = 9*p - 3*p**u - 3*p + 2*p**3 - 3*p - 1. What is the units digit of d(2)?
9
Let h be (3/1)/(12/8). Suppose 3*m = -10 - 5, -h*a + 2*m = -12. What is the units digit of 1 + a + 1 + 1?
4
Let g(o) be the third derivative of -o**6/120 + 2*o**5/15 + 3*o**4/8 + o**3 + 3*o**2. What is the units digit of g(9)?
6
Let u(k) = -k**2 + 5*k + 6. Let b be u(6). Suppose r = 5*q - 3*r - 72, b = -2*q + 5*r + 39. What is the tens digit of q?
1
Suppose -4*f + 3*b = -9*f + 165, -2*f + b + 77 = 0. Suppose 3*w - 99 = f. What is the units digit of w?
5
Let z(j) = j + 3. Let w be z(-4). Let g be 0/((w - 0)/1). Suppose g = -d + 11 + 1. What is the tens digit of d?
1
Suppose 5*f - 64 = -19. Suppose 0*c - f = -3*c, 0 = -2*t + 3*c + 15. What is the tens digit of t?
1
Let c(d) = -2*d**3 - 3*d**2 - 2*d. Let h be c(-2). Suppose 5*b - b = -h. What is the units digit of (-36)/(-8) + 1/b?
4
Suppose 0 = 4*a - 4*m + 48, -2*a + 3*m + 2 - 31 = 0. Let l = 13 + a. What is the units digit of l?
6
Let y = 76 - -41. What is the units digit of y?
7
Let k = -152 - -267. Suppose m + k = 6*m. What is the tens digit of m?
2
What is the tens digit of 4/(-6)*(-81 - 0)?
5
Suppose 3*u + 41 = -2*q, -4*q + q + 36 = -2*u. Let n be (u/(-9))/((-1)/(-3)). Suppose -2*h = 4*o - 6 - 18, -5*h + n*o = 0. What is the units digit of h?
4
Let g = -27 - -21. What is the units digit of (10/g)/(5/(-18))?
6
Suppose -4*t + 2*c + 71 = -65, 5*t = c + 173. What is the units digit of t?
5
Let v(a) = -a**3 + 3*a**2 + 4*a + 1. What is the units digit of v(3)?
3
Suppose -5*v + 1280 = 5*i, 3*v + v = 3*i - 789. What is the tens digit of i?
5
Suppose 5*s = -9*s + 980. What is the tens digit of s?
7
Let n = -39 + 118. What is the units digit of n?
9
Let a = -35 + 54. What is the units digit of a?
9
Suppose -4*j = 4 - 8. What is the units digit of j?
1
Suppose -3*b - 15 = -5*t, -2*t - 7 = -4*t + b. What is the units digit of t?
6
Let d = -56 - -127. What is the tens digit of (-2)/10 + d/5?
1
Let p(a) = 2*a - 3. Let g be p(4). Let i = 1 + g. Suppose -5 = -t + i. What is the tens digit of t?
1
Suppose -5*a = -3*x - 468, 3*a + 3*x - 6*x = 276. Suppose -52 = -3*n - n + 3*z, 4*z - a = -5*n. What is the tens digit of n?
1
Suppose -v - 4*u - 10 = 0, -5*u - 7 = 8. Let x(n) = n**3 + n + 1. Let o(c) = 3*c**3 + 4*c**2 + c + 7. Let s(f) = o(f) - 4*x(f). What is the units digit of s(v)?
5
What is the units digit of -3*(-2 + 1)*10?
0
Suppose 4*z - 5*r = -23 + 581, -4*z = 3*r - 542. Suppose -3*d - g = -z, 2*d - d - 47 = -g. What is the tens digit of d?
4
Let a = -44 - -91. What is the tens digit of a?
4
Let w be 400/14 + 24/(-42). Let t be 1/3 + (-1)/3. Suppose 5*v + t*v + w = b, 4*b - 36 = v. What is the units digit of b?
8
Let q = 22 - 11. Let o(g) = -g + 8. Let m be o(12). Let i = q + m. What is the units digit of i?
7
Let n be (2/6)/(7/63). Suppose -50 = -5*p - 5*o, -o = n*p + o - 25. What is the units digit of p?
5
Let l be (-8)/2*5/(-10). Suppose 0 = l*h - 6*h. Suppose 5*g + 5*d - 25 = -h*d, -5*d - 3 = -2*g. What is the units digit of g?
4
Let x(g) = -g**3 + 7*g**2 - g - 5. Let y be x(6). Suppose h + l - 5*l - y = 0, -5*h + l + 30 = 0. What is the units digit of h?
5
Let p be 12/9*(-3)/(-2). Let o be (-15)/(-10) - 3/p. Suppose o = -2*x + 7*x - 45. What is the units digit of x?
9
What is the tens digit of (-5)/(-20) - (-1430)/8?
7
Suppose 0*h + h = 0. Suppose h*c = c - 18. What is the tens digit of c?
1
Let n be 3/3*1*4. What is the units digit of 2/(n/(-6)) + 11?
8
Suppose -8 = -0*q - 4*q. Suppose 0 = -10*o + 5*o + 15. Suppose q*c + 7 = o*c. What is the units digit of c?
7
Let o(y) = -2*y + 1. Let w be o(-1). Suppose -28 = -4*j - 4*k + 4, 0 = -5*j + w*k + 16. Let g = 7 - j. What is the units digit of g?
2
Let g be ((-4)/6)/((-24)/(-180)). Let m(d) be the second derivative of d**5/20 + 5*d**4/12 - d**3/3 - d**2/2 + d. What is the units digit of m(g)?
9
Let i(o) = -o**3 - 5*o**2 + 2*o + 11. Let m be i(-5). What is the units digit of (m + -2)/((-4)/108)?
7
Let m(w) = 13*w**3 + 4*w**2 + 4*w + 6. Let t(z) = -z**3 - z**2 - z - 1. Let g(s) = m(s) + 5*t(s). Let a be (8/(-64))/(2/4)*-4. What is the units digit of g(a)?
7
Suppose 0 = -7*b - 0*b + 91. What is the units digit of b?
3
Let m(u) = 68*u**2 + 3*u + 1. What is the units digit of m(-2)?
7
Let d(o) = 8*o**3 - o**2 + o - 1. Let a be d(1). Suppose 5*w - 5 = 3*n, 0 = 4*w - 4*n + 6 - 2. Let v = a - w. What is the units digit of v?
3
Suppose g + 0*u - 6 = -3*u, -2*g - 2*u = -12. Let t be 20/15*(-3)/(-2). Suppose s = -t*s + g. What is the units digit of s?
2
Let d(j) = -j**2 + 4*j + 8. Let u be d(6). Let m be 2*(u/(-2) - 1). What is the units digit of 3/6*m + 0?
1
Suppose 5*p = 4*x + 66, -3*x - 15 = -p - 4*x. What is the units digit of (6/(-7))/((-2)/p)?
6
Let k(c) = 3*c + 78. What is the hundreds digit of k(20)?
1
Suppose 6*l - 10 = l. Let f(v) = 18*v**2 - 2. Let c be f(l). Suppose c = 2*m + 3*m. What is the tens digit of m?
1
Let r = 35 + -13. What is the units digit of r?
2
Let h(t) = t**3 + 5*t**2 + 2. Suppose 3*q = 2*z - 7, 5*q = 3*q - 5*z - 11. What is the tens digit of h(q)?
2
Let c(b) = b**2 + 1. Suppose 0 = -5*y + 15 + 5. What is the units digit of c(y)?
7
Let s = 34 - -8. What is the units digit of s?
2
Let c = 91 + -43. What is the units digit of c?
8
Suppose 4*d - 17*d = -2132. What is the units digit of d?
4
Suppose 4*p = -0*p + 204. What is the units digit of p?
1
Let z = 0 - -2. Let h be 1 + (7 - 3)/z. What is the tens digit of (0 + h)/((-3)/(-14))?
1
Suppose 0 = 3*d - 15 + 3. What is the units digit of (-192)/18*(-6)/d?
6
Let x = 11 + -7. Let p = x - 6. What is the units digit of (p/5)/(1/(-20))?
8
What is the hundreds digit of (-9759)/(-63) + (-20)/(-210)?
1
Let u be (2 - (1 - 0))*-4. Let a be -2 - 2/(u/2). What is the tens digit of (-16)/a + (-1 - 2)?
1
What is the units digit of 16*(0 + -1 + 2)?
6
What is the tens digit of 2/3*3285/30?
7
Suppose -v + 4*q = 4*v - 18, 5*v + q - 8 = 0. Suppose v*f - 18 = 12. What is the units digit of f?
5
Suppose -4*o = -4*i + 4, -2 = -3*o + 1. Let d be (1 - -1)/(0 + 1). Suppose d*m - i = -2*u, 0 = 4*m - u - 5 - 4. What is the units digit of m?
2
Suppose -3*f - q + 2*q - 12 = 0, -3*f - 5*q - 12 = 0. What is the units digit of -2*f/2*2?
8
Let d(i) = -i**2 - 6*i + 3. What is the units digit of d(-4)?
1
Suppose -3*p = -p + 18. Let j = p + 13. Suppose j*d - 16 = 20. What is the units digit of d?
9
Let n be 12/8*(-20)/(-6). Suppose -n*b + 1 = -14. What is the units digit of b?
3
Let y(f) = -f**3 - 8*f**2 - 3*f - 12. Let c be y(-8). Suppose 3*m = 3*q + 9 + c, 2*m - 3*q = 17. What is the units digit of m?
4
What is the units digit of (-12)/(-8)*(-28)/(-6)?
7
Let l(y) = y**2 + 10*y - 4. Suppose -22 = 2*o + 6. What is the tens digit of l(o)?
5
What is the units digit of (66/(-10))/(6/(-30))?
3
Let u(g) = -g**2 + 9*g + 12. Suppose 0*d + d - 9 = 0. What is the tens digit of u(d)?
1
Let l be (-1)/(-2)*(-6 + 6). Suppose l*x + 5*x = 100. What is the tens digit of x*(-3)/(-6) - -2?
1
Let g = 64 - 45. What is the tens digit of g?
1
Let h = 15 + -9. Suppose -h*l = -l. Suppose l = 4*i - 10 - 50. What is the tens digit of i?
1
Suppose y - 3*v - 36 = 0, -3*y + 39 = -2*y - 2*v. What is t